s 6 - 4 - 10 - -3?
-5
-15 + 12 - (1 - 3)
-1
What is -1 - 0 - -1 - (-42 + 43)?
-1
What is (-1 - 0) + 0 + 1 + 2?
2
Evaluate (-5 - (1 + 6 + -6)) + 3.
-3
What is the value of -46 + 45 + (0 - -8) + -2?
5
Calculate -18 - (-6 + -10 + 4).
-6
Evaluate 0 + 1 + -1 + -30 + 34.
4
Calculate -3 + 1 + (-2 - 0) + 7.
3
1 + -2 - (4 - 3)
-2
Evaluate 3 + -6 + (0 - (0 - 2)).
-1
Calculate 2 - (-1 - 0) - -7 - 6.
4
Evaluate -8 - (0 + -6 - -3).
-5
Calculate -5 - 0 - (-6 + -2).
3
Calculate 0 + (11 - 1) - 10.
0
What is the value of 2 + 6 + (1 + -2 - 3)?
4
What is the value of 2 + -2 + -1 - (173 + -180)?
6
Calculate -1 + 3 + -3 + 6.
5
-7 - (0 + -5 + -1)
-1
Calculate -3 + -11 + 8 + -3.
-9
Evaluate -13 + 12 - (-2 + -3 + 2).
2
0 - (9 - 4) - (-2 - 1)
-2
What is (-3 - -6) + -5 - -2?
0
What is 1 - -1 - (13 + -8 + -4)?
1
Calculate 3 - (-3 - -6 - -1).
-1
What is the value of 5 - (-1 - (-3 - 1) - 0)?
2
What is the value of -13 + (5 - -4) - (-2 + 1)?
-3
What is the value of 4 - ((5 - 3) + (-1 - -3))?
0
What is the value of (3 - 5 - 1) + 0 - 0?
-3
Calculate (-10 - -2) + 32 + -27 - 4.
-7
What is 5 + (2 - (-2 - -14))?
-5
10 + 2 + 8 + -16
4
What is 2 - (3 + 10 - 5)?
-6
Evaluate 3 - -1 - (10 + -4) - -7.
5
0 + -1 + 6 + (5 - 11)
-1
What is the value of -1 + -1 + 0 + -2 + -1?
-5
What is -5 + 8 + -2 + -3?
-2
2 - (2 + (3 - 4) + 6)
-5
-5 - (-3 + (-6 - -1) + 1)
2
(17 - 4) + -11 + -2
0
-8 + 11 + (4 - 5)
2
What is -2 - 7 - (-11 + 0)?
2
Calculate 1 + 8 + -38 + 36.
7
Calculate -1 + -3 + (-1 - (-1 - 0)).
-4
What is the value of 12 + -36 + 10 + 5?
-9
What is the value of 4 + 1 + (4 - 10)?
-1
What is the value of -3 + 0 + (-2 - (-2 - -4))?
-7
Evaluate 49 + -52 - (-9 + 1).
5
Evaluate -7 - (-7 - (-4 - -1)).
-3
(0 - 0) + (-8 + 8 - 1)
-1
Calculate 1 - (0 - 6) - 0.
7
Evaluate -39 + 27 + 14 - (1 + -6).
7
What is the value of 0 - 0 - -8 - (72 + -69)?
5
Calculate 7 + 3 + -2 + -15 + 1.
-6
What is the value of -5 + ((-4 - 2) + 12 - 0)?
1
Calculate -7 + (5 - 1) - (-6 - 2).
5
What is the value of (2 - (-11 + 10)) + -4?
-1
What is the value of (3 - 9) + 2 - (-6 - 3)?
5
Calculate -13 + 15 + 1 + -9.
-6
What is -28 + 31 + 0 + -1 - 1?
1
What is 1 + (-2 - (6 + -8)) + 1?
2
Evaluate -5 + (-2 - 0) + 2.
-5
Calculate -7 + 10 + (9 - 12).
0
What is 8 + (-1 - 0 - (-18 - -25))?
0
4 + 5 - 0 - 13
-4
3 - (1 + 2 - (-5 - -3))
-2
Calculate 6 - (-7 - (-5 - -2 - 5)).
5
What is (23 - (-4 - -17)) + -3 + -1?
6
What is the value of -8 - -1 - -5 - 2?
-4
-3 - (10 - (-3 - -18))
2
What is the value of 1 - (-1 + (15 - 7))?
-6
What is the value of -4 + (-1 - (-17 - -7))?
5
Evaluate 3 - 12 - (20 + -20).
-9
What is the value of 6 - (-2 + 1 + 3)?
4
Calculate -2 + (-2 - -2 - -7).
5
What is the value of (-1 - -10 - (8 + -4)) + -3?
2
What is the value of -1 + -1 + -8 + 16 + -11?
-5
What is -4 + 9 - (2 + 3) - 1?
-1
Evaluate 2 + (-4 - (4 + -7)).
1
Calculate 12 + 0 + (-11 - -3).
4
What is 6 - (1 - (-14 + 5))?
-4
What is -6 - (-5 - (6 + -4))?
1
What is -4 - (-9 + (6 - 1) + 3)?
-3
Calculate 1 - (0 + (-10 - -11)).
0
-6 + (15 - 8) + 0
1
Evaluate 0 - (-7 + 2 + 1).
4
Evaluate -3 + (4 - 9) + 9.
1
What is the value of -10 + 23 + -5 + -1?
7
What is (-9 + 17 - 5) + -4 + 0?
-1
What is the value of 0 + (-3 - -1) + 1 + 1?
0
Evaluate -6 + 5 - (-5 - (-1 - -2)).
5
Evaluate -6 + 1 + (-3 - -2) + 11.
5
Calculate 3 - (1 + -9 + 7 + -2).
6
Evaluate -4 - ((1 - 8) + 4 - -7).
-8
-12 - -1 - (-5 - 2 - -2)
-6
3 + (1 - -10) - 17
-3
Evaluate (1 - -7) + (-16 - -13) + 0.
5
What is the value of (-8 - -2 - -1) + 4?
-1
Evaluate (4 - 2) + -2 + (-4 - -4).
0
Evaluate 6 + (2 - (6 + -3)).
5
-4 + (0 - -6) - (2 - 1)
1
What is the value of 9 + (-1 - 1) - (106 - 106)?
7
Calculate (-4 - -2 - (-3 + 2)) + -1.
-2
What is (12 - 3) + (-12 - 0)?
-3
Calculate (7 - (12 + -13)) + -14.
-6
Evaluate 4 + 7 - (-2 - -10).
3
Calculate 2 + (-6 + 7 - (3 + -2)).
2
Evaluate (10 + -2 - 4) + (-7 - 5).
-8
What is -12 + 27 - 9 - (-1 + 3)?
4
What is 0 + (-5 - (1 - -1)) + 6?
-1
What is the value of -4 + (6 - (16 + -11 + 6))?
-9
What is (3 - -1) + (-6 - -2)?
0
Calculate 4 + -2 + (4 - (11 + -11)).
6
Evaluate (12 - 19) + 2 - -13.
8
Evaluate 8 - (9 - 10) - 3.
6
What is (-9 - -4 - -7) + 5 + -3?
4
What is the value of -8 - (1 + 6 + -9 + -6)?
0
What is 7 - (-9 + 3 + 7 - 1)?
7
7 - (-5 - -7 - 2)
7
What is (-1 - (-4 + 2)) + -2?
-1
What is -8 - (-6 + 5 + -2)?
-5
Evaluate (0 - 10) + 3 + 1.
-6
What is 4 + 1 + 1 + -3 + 1?
4
What is the value of -1 - (0 + 5 + 1) - -10?
3
What is -59 - -68 - (4 - -1)?
4
Calculate -3 - (8 - 6 - (1 + 2)).
-2
What is the value of -2 - 3 - (4 + -12)?
3
What is the value of -9 + 13 + (1 - 0)?
5
Evaluate -2 - (0 - 1) - 3.
-4
What is the value of 6 - (19 + (2 - 6) + -2)?
-7
What is the value of -10 + (1 - -1) - 0?
-8
Evaluate (5 - 1 - -2) + (1 - 3).
4
What is 4 - (-10 + 11) - (3 - 3)?
3
2 + (-5 + 6 - 2)
1
Calculate -51 + 60 - (-1 - -10).
0
Evaluate -16 - -12 - (-1 + 0).
-3
Evaluate -2 - (-1 - (1 - 1 - 0)).
-1
What is (9 - -1) + (5 - (12 + -2))?
5
Evaluate 1 + -2 + 3 - (1 + 1).
0
What is the value of 6 - (-1 - (1 + -2 - 4))?
2
(2 - (7 + 0 - 3)) + 7
5
What is (-6 - -5) + (-3 - -6 - 6)?
-4
What is 2 - ((0 - 1) + 0) - 0?
3
What is (-5 + 2 - 1) + 0?
-4
What is the value of -3 + (3 - (-1 + -2))?
3
(-6 - -4 - -6) + (-9 - 0)
-5
6 - (12 + 2 + -6 + 0)
-2
3 + -4 + 2 + -5
-4
Calculate 23 + -27 + (1 - -1) + 0.
-2
Evaluate (2 + -2 - -2) + (99 - 97).
4
What is the value of -4 - -6 - 7 - -10?
5
Calculate (-1 - 3) + 31 + -19 + -3.
5
Calculate -2 + 12 + (-8 - -2) + -6.
-2
What is the value of -27 + 27 + (-3 - -1)?
-2
0 + -4 + (1 - 2)
-5
What is the value of (-6 + 13 - -2) + -3?
6
What is (-2 - -4 - 12) + 10?
0
What is -2 - (0 - 0 - 1 - 2)?
1
Evaluate 0 + (8 - (-1 - -3)).
6
(6 - -1) + -2 + -9
-4
Calculate 7 + -3 + -2 + -2.
0
Calculate 1 + (0 - 4) + -7 + 3.
-7
What is (-2 - 8 - (27 + -32)) + 2?
-3
What is (20 - 22) + (-1 - (0 - 6))?
3
(-2 - -5) + (6 - 6)
3
Calculate -3 - ((2 - -1) + -8).
2
What is the value of (8 - 12) + (4 + -9 - -2)?
-7
What is 3 - 1 - (-6 + 7 - -1)?
0
Calculate -3 + 1 + -16 + 18 + -5.
-5
Calculate 2 - 12 - (-57 + 50).
-3
Calculate (-5 - -4) + -21 + 25.
3
What is 4 + 7 + -5 + -5 + 3?
4
Evaluate -3 + 6 - (5 + 2).
-4
What is the value of -1 - -11 - (8 + -1 + -3)?
6
What is -1 + (-6 - -1) + 12 - 1?
5
What is the value of 1 + (7 + -4 - 5)?
-1
What is 7 - (-6 + 18 - 9)?
4
What is (1 - 4 - (1 + -8)) + -5?
-1
Calculate 5 - (-9 - -17 - 3 - 6).
6
Calculate -2 + 1 + -7 - -2 - -1.
-5
Calculate 2 + (-4 - 2 - 0).
-4
Calculate -7 + (7 - -2) + -6.
-4
(-5 - -1) + (-56 - -65) - 8
-3
Calculate (6 - 6 - -6) + 0.
6
What is 0 - 4 - (8 + (-5 - 8))?
1
What is the value of (-1 - (3 + 0) - 1) + 0?
-5
What is the value of (3 - (0 + 0)) + -5 + -1?
-3
1 - -1 - 0 - (-17 + 16)
3
Calculate 1 + 2 + 10 + -12 + 0.
1
0 + 2 + 1 + 7 + -6
4
What is -6 + (16 - (-2 + 2 + 4))?
6
What is the value of -11 + 3 - (0 + (0 - 5))?
-3
Evaluate -2 + -9 + 7 + -4 + 5.
-3
Calculate 1 + -10 + 0 + 6.
-3
What is (-6 - (7 - 2)) + 7?
-4
What is 18 + -5 + -9 - (6 + 0)?
-2
What is the value of -4 - (6 + (-7 - 6))?
3
Calculate (-8 - -13) + (1 - -1 - 11).
-4
Calculate 8 - (-1 - -6) - 7 - -4.
0
What is -5 - (3 + -12 - -3)?
1
Calculate (6 - 9 - -11) + -3.
5
Evaluate 1 + -2 + (3 - (32 - 21)).
-9
What is -8 - (-2 + (-9 - -2))?
1
-7 - (-14 - -2) - 9
-4
What is 0 - (3 - (1 + (1 - 2)))?
-3
(-9 - 1) + 9 - (-1 + 0)
0
What is -9 - (1 - 3) - -2?
-5
(0 - 3) + 4 + 0
1
What is 0 + 4 + -4 + -9 + 8?
-1
Evaluate 6 + (-4 - -3) - 12 - -17.
10
What is -3 + 0 + 12 + -13?
-4
(-10 - -1) + (57 - 53)
-5
What is the value of 4 - (3 + 3) - 1?
-3
(21 - 18) + 0 + 4
7
(9 - 5) + 2 + -5
1
What is 3 + -1 - (-1 + 1 - -1)?
1
Calculate (-9 - -12) + -6 + 3.
0
Calculate 0 + 5 + -2 + -1 - 5.
-3
Calculate 3 - ((0 - -1) + (-44 - -40)).
6
Calculate -3 + (3 - (5 + 2 + -3)).
-4
Calculate (2 - 3) + 5 + -5.
-1
What is the value of -1 + (7 - (-4 + 8))?
2
What is 21 + -29 - (2 + -3)?
-7
Calculate -1 - ((9 - 8) + 1 + 0).
-3
What is 4 + -6 + 3 + -6 + -2?
-7
Calculate (-22 - -36) + -8 + 0.
6
-7 + -2 + 2 - (-8 + 5)
-4
Evaluate 1 - -6 - (61 + -55).
1
0 - 4 - (-3 - (-2 - -3))
0
What is the value of (13 - 0) + -1 + -3?
9
Calculate -3 - ((0 - 0) + -8).
5
Evaluate (-19 - -16) + 2 + 1 + 7.
7
-3 + 6 - (2 + 2)
-1
What is the value of (-1 - 4) + 1 + (-24 - -23)?
-5
What is the value of (2 - 7) + 10 + -8?
-3
What is -1 - ((3 - 0 